{"id":77,"date":"2015-09-08T20:20:04","date_gmt":"2015-09-08T20:20:04","guid":{"rendered":"http:\/\/www.casadosfiltrospa.com.br\/novosite\/purificadores\/?page_id=77"},"modified":"2015-10-08T16:42:34","modified_gmt":"2015-10-08T16:42:34","slug":"remocao-de-ferro","status":"publish","type":"page","link":"https:\/\/www.casadosfiltrospa.com.br\/novosite\/purificadores\/remocao-de-ferro\/","title":{"rendered":"Remo\u00e7\u00e3o de Ferro"},"content":{"rendered":"<div id=\"pl-77\"  class=\"panel-layout\" ><div id=\"pg-77-0\"  class=\"panel-grid panel-no-style\" ><div id=\"pgc-77-0-0\"  class=\"panel-grid-cell panel-grid-cell-mobile-last\" ><div id=\"panel-77-0-0-0\" class=\"so-panel widget widget_black-studio-tinymce widget_black_studio_tinymce panel-first-child panel-last-child\" data-index=\"0\" ><div class=\"textwidget\"><p><img loading=\"lazy\" decoding=\"async\" class=\"alignnone size-full wp-image-124\" src=\"http:\/\/www.casadosfiltrospa.com.br\/novosite\/purificadores\/wp-content\/uploads\/2015\/09\/filtro-de-ferro.png\" alt=\"filtro de ferro\" width=\"800\" height=\"250\" srcset=\"https:\/\/www.casadosfiltrospa.com.br\/novosite\/purificadores\/wp-content\/uploads\/2015\/09\/filtro-de-ferro.png 800w, https:\/\/www.casadosfiltrospa.com.br\/novosite\/purificadores\/wp-content\/uploads\/2015\/09\/filtro-de-ferro-300x94.png 300w\" sizes=\"auto, (max-width: 800px) 100vw, 800px\" \/><\/p>\n<p>Indicados para tratamento de \u00e1gua de po\u00e7os e minas, os filtros de ferro s\u00e3o a solu\u00e7\u00e3o para melhoria da qualidade de \u00e1guas naturais ou brutas contaminadas com ferro. S\u00e3o utilizados ap\u00f3s uma bomba de po\u00e7os ou minas, garantindo a obten\u00e7\u00e3o de uma \u00e1gua cristalina e de \u00f3tima qualidade.<\/p>\n<p>Os filtros para ferro apresentam excelentes resultados quanto \u00e0 filtra\u00e7\u00e3o, \u00e0 remo\u00e7\u00e3o do ferro e \u00e0 remo\u00e7\u00e3o da cor e da turbidez de \u00e1guas superficiais e subterr\u00e2neas para o consumo humano.<\/p>\n<\/div><\/div><\/div><div id=\"pgc-77-0-1\"  class=\"panel-grid-cell panel-grid-cell-empty\" ><\/div><\/div><\/div>","protected":false},"excerpt":{"rendered":"<p>Indicados para tratamento de \u00e1gua de po\u00e7os e minas, os filtros de ferro s\u00e3o a solu\u00e7\u00e3o para melhoria da qualidade de \u00e1guas naturais ou brutas contaminadas com ferro. S\u00e3o utilizados ap\u00f3s uma bomba de po\u00e7os ou minas, garantindo a obten\u00e7\u00e3o de uma \u00e1gua cristalina e de \u00f3tima qualidade.Os filtros para ferro apresentam excelentes resultados quanto [&hellip;]<\/p>\n","protected":false},"author":2,"featured_media":0,"parent":0,"menu_order":0,"comment_status":"closed","ping_status":"closed","template":"templates\/template-full.php","meta":{"footnotes":""},"class_list":["post-77","page","type-page","status-publish","hentry","post"],"_links":{"self":[{"href":"https:\/\/www.casadosfiltrospa.com.br\/novosite\/purificadores\/wp-json\/wp\/v2\/pages\/77","targetHints":{"allow":["GET"]}}],"collection":[{"href":"https:\/\/www.casadosfiltrospa.com.br\/novosite\/purificadores\/wp-json\/wp\/v2\/pages"}],"about":[{"href":"https:\/\/www.casadosfiltrospa.com.br\/novosite\/purificadores\/wp-json\/wp\/v2\/types\/page"}],"author":[{"embeddable":true,"href":"https:\/\/www.casadosfiltrospa.com.br\/novosite\/purificadores\/wp-json\/wp\/v2\/users\/2"}],"replies":[{"embeddable":true,"href":"https:\/\/www.casadosfiltrospa.com.br\/novosite\/purificadores\/wp-json\/wp\/v2\/comments?post=77"}],"version-history":[{"count":5,"href":"https:\/\/www.casadosfiltrospa.com.br\/novosite\/purificadores\/wp-json\/wp\/v2\/pages\/77\/revisions"}],"predecessor-version":[{"id":126,"href":"https:\/\/www.casadosfiltrospa.com.br\/novosite\/purificadores\/wp-json\/wp\/v2\/pages\/77\/revisions\/126"}],"wp:attachment":[{"href":"https:\/\/www.casadosfiltrospa.com.br\/novosite\/purificadores\/wp-json\/wp\/v2\/media?parent=77"}],"curies":[{"name":"wp","href":"https:\/\/api.w.org\/{rel}","templated":true}]}}